dreds digit of 20440?
4
What is the ten thousands digit of 18991?
1
What is the thousands digit of 7701?
7
What is the hundreds digit of 8757?
7
What is the ten thousands digit of 42976?
4
What is the tens digit of 1944?
4
What is the thousands digit of 1181?
1
What is the hundreds digit of 4551?
5
What is the tens digit of 3795?
9
What is the thousands digit of 2009?
2
What is the thousands digit of 9309?
9
What is the tens digit of 46801?
0
What is the units digit of 967?
7
What is the tens digit of 32811?
1
What is the tens digit of 3277?
7
What is the tens digit of 64719?
1
What is the hundreds digit of 1909?
9
What is the units digit of 4118?
8
What is the tens digit of 59691?
9
What is the thousands digit of 64911?
4
What is the units digit of 1227?
7
What is the units digit of 5651?
1
What is the tens digit of 714?
1
What is the thousands digit of 3748?
3
What is the thousands digit of 2883?
2
What is the hundreds digit of 72579?
5
What is the hundreds digit of 5421?
4
What is the tens digit of 868?
6
What is the thousands digit of 4353?
4
What is the tens digit of 108901?
0
What is the thousands digit of 30774?
0
What is the units digit of 5884?
4
What is the hundreds digit of 19340?
3
What is the ten thousands digit of 94020?
9
What is the hundreds digit of 699?
6
What is the thousands digit of 3267?
3
What is the tens digit of 93929?
2
What is the ten thousands digit of 13244?
1
What is the tens digit of 7114?
1
What is the tens digit of 8675?
7
What is the hundreds digit of 410?
4
What is the units digit of 6350?
0
What is the thousands digit of 6843?
6
What is the tens digit of 984?
8
What is the tens digit of 78514?
1
What is the tens digit of 103?
0
What is the tens digit of 7256?
5
What is the hundreds digit of 1683?
6
What is the hundreds digit of 10434?
4
What is the hundreds digit of 17535?
5
What is the thousands digit of 2475?
2
What is the tens digit of 3049?
4
What is the hundreds digit of 2816?
8
What is the hundreds digit of 12480?
4
What is the units digit of 1085?
5
What is the units digit of 77?
7
What is the units digit of 1437?
7
What is the hundreds digit of 478?
4
What is the tens digit of 10895?
9
What is the ten thousands digit of 29589?
2
What is the ten thousands digit of 42978?
4
What is the units digit of 16310?
0
What is the hundreds digit of 103?
1
What is the tens digit of 941?
4
What is the units digit of 78978?
8
What is the hundreds digit of 137845?
8
What is the hundreds digit of 3115?
1
What is the thousands digit of 37006?
7
What is the ten thousands digit of 11980?
1
What is the tens digit of 2474?
7
What is the hundreds digit of 3465?
4
What is the tens digit of 52503?
0
What is the hundreds digit of 1634?
6
What is the thousands digit of 3953?
3
What is the hundreds digit of 1339?
3
What is the ten thousands digit of 29320?
2
What is the units digit of 998?
8
What is the tens digit of 13456?
5
What is the units digit of 1040?
0
What is the hundreds digit of 7038?
0
What is the thousands digit of 13019?
3
What is the ten thousands digit of 15731?
1
What is the hundreds digit of 8553?
5
What is the ten thousands digit of 105996?
0
What is the hundreds digit of 995?
9
What is the hundreds digit of 4013?
0
What is the tens digit of 4246?
4
What is the hundreds digit of 3668?
6
What is the hundreds digit of 681?
6
What is the ten thousands digit of 24353?
2
What is the tens digit of 2459?
5
What is the units digit of 26179?
9
What is the thousands digit of 2759?
2
What is the units digit of 423?
3
What is the tens digit of 5688?
8
What is the units digit of 111346?
6
What is the tens digit of 59695?
9
What is the thousands digit of 2508?
2
What is the hundreds digit of 27299?
2
What is the units digit of 7364?
4
What is the tens digit of 1145?
4
What is the units digit of 67430?
0
What is the ten thousands digit of 53880?
5
What is the hundreds digit of 2458?
4
What is the units digit of 87533?
3
What is the tens digit of 1869?
6
What is the units digit of 504?
4
What is the tens digit of 2301?
0
What is the hundreds digit of 38656?
6
What is the ten thousands digit of 16573?
1
What is the hundreds digit of 16299?
2
What is the thousands digit of 2842?
2
What is the hundreds digit of 20054?
0
What is the thousands digit of 100472?
0
What is the thousands digit of 75414?
5
What is the units digit of 30315?
5
What is the units digit of 678?
8
What is the thousands digit of 1274?
1
What is the thousands digit of 16963?
6
What is the thousands digit of 11502?
1
What is the hundreds digit of 55483?
4
What is the hundreds digit of 4558?
5
What is the units digit of 516?
6
What is the hundreds digit of 2409?
4
What is the ten thousands digit of 56157?
5
What is the ten thousands digit of 13104?
1
What is the ten thousands digit of 34517?
3
What is the tens digit of 2457?
5
What is the hundreds digit of 4746?
7
What is the thousands digit of 20731?
0
What is the hundreds digit of 1569?
5
What is the units digit of 1639?
9
What is the tens digit of 3159?
5
What is the hundreds digit of 1329?
3
What is the units digit of 647?
7
What is the tens digit of 31025?
2
What is the units digit of 9164?
4
What is the units digit of 9871?
1
What is the hundred thousands digit of 136950?
1
What is the thousands digit of 4050?
4
What is the units digit of 25795?
5
What is the hundreds digit of 102374?
3
What is the tens digit of 1461?
6
What is the units digit of 3437?
7
What is the units digit of 8035?
5
What is the tens digit of 7389?
8
What is the thousands digit of 46594?
6
What is the units digit of 3599?
9
What is the tens digit of 24549?
4
What is the tens digit of 8039?
3
What is the tens digit of 1700?
0
What is the thousands digit of 3611?
3
What is the tens digit of 382?
8
What is the ten thousands digit of 42432?
4
What is the ten thousands digit of 11031?
1
What is the tens digit of 13647?
4
What is the hundreds digit of 851?
8
What is the units digit of 622?
2
What is the hundreds digit of 43677?
6
What is the units digit of 1441?
1
What is the thousands digit of 2247?
2
What is the units digit of 23210?
0
What is the thousands digit of 2085?
2
What is the units digit of 17165?
5
What is the tens digit of 1253?
5
What is the tens digit of 269?
6
What is the tens digit of 14093?
9
What is the units digit of 340?
0
What is the hundreds digit of 17640?
6
What is the hundreds digit of 1614?
6
What is the units digit of 2724?
4
What is the tens digit of 2529?
2
What is the thousands digit of 3691?
3
What is the tens digit of 96830?
3
What is the tens digit of 1503?
0
What is the thousands digit of 15273?
5
What is the tens digit of 11520?
2
What is the units digit of 8190?
0
What is the tens digit of 2190?
9
What is the tens digit of 37936?
3
What is the units digit of 75222?
2
What is the hundreds digit of 4484?
4
What is the tens digit of 101421?
2
What is the tens digit of 660?
6
What is the hundreds digit of 9556?
5
What is the hundreds digit of 1339?
3
What is the hundreds digit of 823?
8
What is the thousands digit of 9209?
9
What is the units digit of 12581?
1
What is the hundreds digit of 4527?
5
What is the thousands digit of 19168?
9
What is the hundreds digit of 4265?
2
What is the tens digit of 491?
9
What is the hundreds digit of 63121?
1
What is the units digit of 4435?
5
What is the thousands digit of 32811?
2
What is the units digit of 1269?
9
What is the units digit of 6949?
9
What is the ten thousands digit of 53098?
5
What is the units digit of 10316?
6
What is the units digit of 7202?
2
What is the units digit of 23198?
8
What is the ten thousands digit of 10973?
1
What is the units digit of 4057?
7
What is the thousands digit of 1326?
1
What is the thousands digit of 11898?
1
What is the tens digit of 72301?
0
What is the hundreds digit of 9007?
0
What is the units digit of 122654?
4
What is the thousands digit of 4991?
4
What is the tens digit of 1532?
3
What is the tens digit of 716?
1
What is the units digit of 11799?
9
What is the units digit of 901?
1
What is the hundreds digit of 17765?
7
What is the thousands digit of 17611?
7
What is the ten thousands digit of 33376?
3
What is the tens digit of 1003?
0
What is the units digit of 23456?
6
What is the thousands digit of 2331?
2
Wha